{"id":1043,"date":"2022-01-12T16:50:34","date_gmt":"2022-01-12T16:50:34","guid":{"rendered":"https:\/\/www.delikato.pl\/?post_type=product&#038;p=1043"},"modified":"2022-01-13T20:56:18","modified_gmt":"2022-01-13T20:56:18","slug":"kielbasa-slaska","status":"publish","type":"product","link":"https:\/\/www.delikato.pl\/index.php\/produkt\/kielbasa-slaska\/","title":{"rendered":"Kie\u0142basa \u015bl\u0105ska"},"content":{"rendered":"","protected":false},"excerpt":{"rendered":"","protected":false},"featured_media":0,"template":"","meta":[],"product_cat":[15],"product_tag":[],"_links":{"self":[{"href":"https:\/\/www.delikato.pl\/index.php\/wp-json\/wp\/v2\/product\/1043"}],"collection":[{"href":"https:\/\/www.delikato.pl\/index.php\/wp-json\/wp\/v2\/product"}],"about":[{"href":"https:\/\/www.delikato.pl\/index.php\/wp-json\/wp\/v2\/types\/product"}],"wp:attachment":[{"href":"https:\/\/www.delikato.pl\/index.php\/wp-json\/wp\/v2\/media?parent=1043"}],"wp:term":[{"taxonomy":"product_cat","embeddable":true,"href":"https:\/\/www.delikato.pl\/index.php\/wp-json\/wp\/v2\/product_cat?post=1043"},{"taxonomy":"product_tag","embeddable":true,"href":"https:\/\/www.delikato.pl\/index.php\/wp-json\/wp\/v2\/product_tag?post=1043"}],"curies":[{"name":"wp","href":"https:\/\/api.w.org\/{rel}","templated":true}]}}